multiple of 52?
True
Does 2110 divide 2327543670?
False
Is 7046 a factor of 3045643866?
False
Does 55 divide 173009796?
False
Does 84 divide 643608?
True
Does 196 divide 18785210?
False
Does 13 divide 42529227?
True
Is 609915797 a multiple of 5304?
False
Is 4678 a factor of 125608978?
True
Is 8 a factor of 93525333?
False
Is 4392834640 a multiple of 904?
False
Does 54 divide 2248148806?
False
Is 21 a factor of 2417051196?
True
Is 982457486 a multiple of 9674?
False
Does 8 divide 92793085?
False
Is 2949 a factor of 5138788559?
False
Does 1068 divide 75931661?
False
Is 85 a factor of 20111000?
True
Does 1047 divide 3681111702?
True
Is 104 a factor of 102749608?
True
Does 326 divide 9155020?
False
Is 261 a factor of 1026403641?
True
Is 67247782 a multiple of 292?
False
Does 11 divide 187997265?
False
Does 106 divide 981312638?
False
Is 64 a factor of 4313463744?
True
Is 573956561 a multiple of 5461?
True
Is 348675060 a multiple of 37?
False
Is 8 a factor of 9376240?
True
Does 7 divide 88004766?
False
Does 312 divide 1783412280?
True
Is 9734 a factor of 951469298?
True
Is 91250249 a multiple of 128?
False
Is 4212 a factor of 2785328208?
True
Is 421410645 a multiple of 9?
True
Is 732539700 a multiple of 30?
True
Is 195 a factor of 39020870?
False
Does 215 divide 40287983?
False
Does 114 divide 380967024?
True
Does 1236 divide 7670616?
True
Is 101 a factor of 592204847?
False
Does 3994 divide 1585064703?
False
Does 144 divide 123128378?
False
Is 816548535 a multiple of 43?
False
Is 245116795 a multiple of 385?
True
Is 10 a factor of 201370630?
True
Is 109 a factor of 583599298?
True
Is 5193023 a multiple of 49?
False
Is 21505804 a multiple of 137?
False
Does 629 divide 87730461?
False
Is 17 a factor of 21056387?
True
Is 714057893 a multiple of 191?
True
Is 14393492 a multiple of 27?
False
Is 393293615 a multiple of 2006?
False
Is 54868794 a multiple of 6?
True
Is 1934461231 a multiple of 19?
True
Does 8 divide 31705402?
False
Is 244 a factor of 6266018?
False
Is 102 a factor of 2051913662?
False
Does 841 divide 25987126?
False
Is 28285990 a multiple of 287?
False
Is 115080928 a multiple of 124?
True
Is 14 a factor of 10665174306?
False
Is 150 a factor of 29211600?
True
Does 10 divide 1875966?
False
Is 24 a factor of 9851380?
False
Is 281337293 a multiple of 291?
False
Is 860 a factor of 159808971?
False
Is 3443 a factor of 215619799?
False
Does 15 divide 1596330152?
False
Is 7509 a factor of 835909389?
True
Is 1161392653 a multiple of 14?
False
Is 11 a factor of 40885666?
False
Is 428957598 a multiple of 17?
False
Does 85 divide 383864535?
False
Does 230 divide 7964448?
False
Does 36 divide 1670697830?
False
Does 1361 divide 104454028?
True
Is 2899244 a multiple of 227?
True
Is 352675718 a multiple of 20?
False
Is 203 a factor of 173509987?
True
Is 406 a factor of 239358112?
True
Is 86 a factor of 67057038?
True
Is 27 a factor of 249220134?
False
Is 598 a factor of 235691610?
False
Does 69 divide 60449727?
True
Is 1473633825 a multiple of 62?
False
Is 167589035 a multiple of 62?
False
Does 2206 divide 459251593?
False
Is 172 a factor of 30136464?
True
Does 218 divide 180460400?
True
Does 8 divide 6753304?
True
Is 3381593592 a multiple of 218?
False
Is 4 a factor of 2611384?
True
Is 483134964 a multiple of 741?
True
Is 6074595 a multiple of 265?
True
Is 1022 a factor of 12415770?
False
Does 500 divide 241429000?
True
Is 47 a factor of 156368671?
True
Does 3123 divide 111246183?
False
Is 27253936 a multiple of 712?
True
Is 12 a factor of 3468377274?
False
Does 20 divide 186029900?
True
Is 34785311 a multiple of 2867?
True
Is 221611232 a multiple of 328?
True
Is 36300906 a multiple of 19?
True
Does 4920 divide 5555491704?
False
Is 275555004 a multiple of 37?
False
Does 55 divide 7956449?
False
Does 113 divide 1738392?
True
Does 93 divide 305748608?
False
Does 111 divide 630849297?
True
Does 8 divide 2307936?
True
Is 65 a factor of 16920471?
False
Is 10408667 a multiple of 261?
False
Is 1182060120 a multiple of 15?
True
Does 7 divide 103791163?
True
Is 223 a factor of 660348546?
False
Does 25 divide 74495300?
True
Is 3981 a factor of 3517197576?
True
Is 248854917 a multiple of 1479?
False
Is 16434904 a multiple of 18?
False
Is 427 a factor of 30139795?
True
Is 11 a factor of 406124678?
False
Does 27 divide 3475602?
True
Does 16 divide 1032621776?
True
Does 430 divide 198576459?
False
Is 12 a factor of 32054496?
True
Is 17 a factor of 2370310?
True
Is 62958235 a multiple of 4429?
True
Is 210 a factor of 2381717?
False
Is 23 a factor of 9609377?
True
Does 5828 divide 86813888?
True
Is 59 a factor of 29001019?
False
Does 884 divide 8275124?
True
Does 344 divide 2578909382?
False
Does 5 divide 120188409?
False
Does 4 divide 334054531?
False
Is 40007114 a multiple of 30?
False
Does 189 divide 227321829?
True
Is 695 a factor of 75956550?
True
Does 28 divide 19581436?
True
Is 144 a factor of 8825829?
False
Does 12 divide 32126243?
False
Is 1218 a factor of 28334939?
False
Is 229 a factor of 434429886?
False
Is 11 a factor of 27957518?
False
Is 381675636 a multiple of 1058?
False
Does 175 divide 12124911?
False
Does 77 divide 117552656?
False
Does 22 divide 94812086?
False
Is 22578052 a multiple of 244?
True
Does 36 divide 27488512?
False
Is 118374282 a multiple of 61?
True
Is 4 a factor of 2169550?
False
Is 6366996 a multiple of 212?
True
Is 2873 a factor of 404463394?
False
Is 1366 a factor of 53436554?
True
Is 32514388 a multiple of 58?
False
Is 94 a factor of 1383523982?
False
Does 15 divide 54018270?
True
Is 2421775619 a multiple of 10?
False
Does 70 divide 9295255?
False
Does 708 divide 1115754192?
True
Is 1522 a factor of 184306590?
True
Does 20 divide 4212031200?
True
Is 13 a factor of 176883460?
True
Does 768 divide 1437778859?
False
Is 16 a factor of 222601600?
True
Is 176 a factor of 35417817?
False
Is 451 a factor of 286174302?
False
Is 40 a factor of 5422880?
True
Does 1941 divide 223313991?
True
Is 17775226 a multiple of 1099?
True
Is 3 a factor of 1060956?
True
Is 13 a factor of 48529?
True
Is 43419817 a multiple of 9?
False
Is 1822 a factor of 11924990?
True
Is 47661349 a multiple of 62?
False
Is 43472037 a multiple of 101?
False
Does 48 divide 1091638320?
True
Does 112 divide 1013445440?
True
Does 2739 divide 42738065?
False
Does 343 divide 823044621?
True
Is 15859952 a multiple of 2104?
True
Does 175 divide 32101347?
False
Does 58 divide 9686?
True
Is 15 a factor of 20404335?
True
Does 8 divide 9957821?
False
Does 14 divide 1130815396?
False
Is 501 a factor of 1349624842?
False
Is 16286 a factor of 7989081014?
True
Is 280 a factor of 251205577?
False
Is 605 a factor of 140612285?
True
Does 1425 divide 9615900?
True
Is 3602 a factor of 133850320?
True
Is 12436671 a multiple of 13?
True
Is 247 a factor of 1241541548?
True
Is 122024347 a multiple of 4?
False
Is 30 a factor of 3504430507?
False
Is 253260865 a multiple of 11?
True
Is 80189370 a multiple of 18?
True
Does 96 divide 29256672?
True
Is 1880 a factor of 659618242?
False
Is 16841019 a multiple of 69?
False
Does 43 divide 8498563?
True
Does 43 divide 2149559766?
True
Is 4378 a factor of 269479034?
True
Does 5732 divide 3215124656?
True
Is 838567296 a multiple of 28?
True
Is 256 a factor of 101113043?
False
Is 428 a factor of 67133608?
False
Is 43035697 a multiple of 15?
False
Does 969 divide 3721884978?
False
Is 13808820 a multiple of 57?
True
Is 429341521 a multiple of 14?
False
Does 154 divide 77332948?
True
Is 1805470073 a multiple of 196?
False
Is 5627231520 a multiple of 184?
True
Is 191407498 a multiple of 252?
False
Is 1776451362 a multiple of 861?
True
Does 61 divide 670654514?
False
Does 22 divide 14323848?
True
Is 314290116 a multiple of 21?
True
Does 17 divide 1480509382?
False
Is 26240280 a multiple of 24?
True
Does 14 divide 614603654?
True
Does 85 divide 222742639?
False
Is 45620823 a multiple of 123?
True
Does 20 divide 3393100?
True
Is 22249922 a multiple of 2592?
False
Does 12 divide 2136010?
False
Is 615714074 a multiple of 300?
False
Does 26 divide 2778923212?
True
Does 3061 divide 201465837?
True
Is 5 a factor of 2762560?
True
Does 3673 divide 702902010?
True
Does 13 divide 2570178?
True
Does 202 divide 502495767?
False
Is 88738608 a multiple of 406?
True
Is 11 a f